s. Let z be j(-10). What is the highest common divisor of 11 and z?
11
Suppose 0 = d - 4. Suppose 2*v - 13 = v - d*j, 2*v - 32 = -2*j. Suppose o = -t + v, o + 7 = -0*o + 5*t. What is the greatest common divisor of 143 and o?
13
Let h(m) = -m**2 - 7*m + 29. Let p be h(-5). Calculate the greatest common factor of 286 and p.
13
Let a(h) = -h**2 - 10*h - 10. Let g be a(-5). Let z be (0 + 4)/(1/4). Suppose -2*n + 116 = 5*c + z, n = c + 64. Calculate the greatest common factor of n and g.
15
Suppose -4*h + 830 - 66 = 0. Let s = h - 89. Calculate the highest common factor of s and 68.
34
Let t be -2*14/4*(-45)/(-7). Let g = t - -56. What is the highest common factor of 22 and g?
11
Let s(o) = -o**2 - 24*o - 25. Let m be 4*(2 - 3) + -11. Let z be s(m). Calculate the highest common factor of 10 and z.
10
Suppose -1424 = -5*a - 3*u, 0 = -5*a + a - 4*u + 1136. Let v = 3 - 32. Let x be (3 - 6)*1 - v. What is the highest common divisor of x and a?
26
Let l be 9/1 + -2 - 0. Let n(q) = 10*q + 98. Let y be n(-9). Let x = y + l. What is the highest common divisor of x and 30?
15
Let l(t) = 35*t + 255. Let a be l(-7). Suppose 2 = -m + 5*h + 117, 385 = 4*m - 5*h. What is the highest common divisor of m and a?
10
Let t be 340/16 - (-16)/(-64). Let v(o) = 3*o + 1. Let a be v(-1). Let w be (4/(-10))/(a/70). Calculate the highest common factor of t and w.
7
Suppose -4*c - 75 = -3*g, 3*c + 151 - 26 = 5*g. Suppose 2*k = 3*h - 823, 0 = 2*h - k - 127 - 422. Calculate the greatest common factor of g and h.
25
Let w be -3*(-3)/((-3)/(-5)). Let u = w + -15. Let m(c) = -c**2 - 2*c + 153. Let b be m(u). Calculate the highest common factor of 17 and b.
17
Let l = 7 + -4. Suppose -2*h + 61 = -0*h + l*t, -4*t + 116 = 4*h. What is the highest common divisor of h and 182?
26
Let d(h) = -38*h - 19. Let l = 52 - 57. Let q be d(l). Suppose 2*f - 23 = -j - 0*f, 3*j + 2*f - 61 = 0. Calculate the greatest common divisor of q and j.
19
Let d be 9*((-1)/(-3) + 0). Suppose -d*x + 19 = 1. Suppose -6 = 5*s - 4*i, -3*s + 4*s - x = -i. Calculate the greatest common factor of s and 8.
2
Suppose 1092 = -31*q + 1402. Suppose 4*j = 12, -3*t - 5*j = -7*t + 9. Calculate the greatest common divisor of t and q.
2
Let w be -1*10*(1 + -9). Let d = 1001 + -991. What is the greatest common factor of d and w?
10
Suppose 0 = -10*u + 3826 - 636. Calculate the greatest common factor of 29 and u.
29
Let o(d) = -3*d**2 - 44*d - 72. Let n be o(-12). Calculate the highest common divisor of 948 and n.
12
Let g be (-2)/((-2 - -4) + -4). Let m be 1/(((-6)/(-57))/(g + 1)). What is the highest common divisor of 19 and m?
19
Let y(t) = t - 5. Let m be y(5). Suppose 5*b - 24 - 16 = m. Suppose 5*s - 2*z - 8 = 2*z, 15 = 5*z. Calculate the highest common factor of b and s.
4
Let l = 6 - 4. Suppose l*a = 5*a - 33. Let i(f) = -37*f - 78. Let o be i(-3). What is the highest common divisor of a and o?
11
Suppose 4*s = y, 0 = y - 3*s - 2*s + 1. Let q(d) = 2*d**2 + 38*d - 36. Let p be q(-25). Suppose y*r = r + p. What is the highest common divisor of 11 and r?
11
Suppose 4*f = j + j + 118, 3*j = -4*f + 133. Calculate the greatest common factor of 31 and f.
31
Let a(j) = 3*j + 3. Let l be a(6). Let u(r) = -r**2 + 3*r**3 + 3 + 6 - r - 7. Let b be u(1). Calculate the greatest common factor of b and l.
3
Suppose -10*s + 22 = -8. Let f be 103 - s*(-1)/3. Calculate the greatest common divisor of f and 13.
13
Let c be (-5)/((-45)/(-54)) + 249. What is the highest common factor of 3 and c?
3
Suppose -14 = -4*s - n, -2*s + n + 14 = 5*n. Let m(b) = 29*b**2 - 3*b - 2. Let w be m(-1). Calculate the highest common factor of s and w.
3
Let u = 1690 - 1598. What is the highest common divisor of 8 and u?
4
Suppose 6*d = 76 + 8. Suppose 4*a = -q - d, -3*q - 2*q = -a - 14. Suppose q*u - u = 9. Calculate the greatest common divisor of 36 and u.
9
Let d(c) = -c + 1. Let u(i) = 57*i + 6. Let z(t) = -6*d(t) - u(t). Let v be z(-2). What is the greatest common factor of v and 10?
10
Let o be -2 + 4 + -3 - -18. Let w = o - 5. Calculate the highest common factor of w and 48.
12
Suppose 2*l + 660 = l. Let f be (-2)/5 + l/(-25). Let v = 724 + -685. What is the highest common factor of v and f?
13
Suppose 0*m - 84 = -3*m. Suppose -22 = -5*x + m. Calculate the highest common divisor of x and 50.
10
Let z(j) = 986*j - 25. Let l be z(2). What is the greatest common divisor of l and 66?
33
Suppose 0 = -2*w + w + 8. Let o be (3/2)/((-4)/w). Let b be (12 - 0 - o) + 2. Calculate the highest common divisor of 51 and b.
17
Suppose 4*b - 5*i - 810 = -4*i, -b + 3*i + 197 = 0. Calculate the highest common divisor of b and 7.
7
Suppose -10 = 3*z - 61. Calculate the greatest common factor of z and 1.
1
Let q be (38 - -6)/(6/45). Calculate the highest common divisor of 30 and q.
30
Suppose 4*c + 329 - 3657 = 0. Suppose 4*a - c = -4*a. Calculate the highest common divisor of 52 and a.
52
Suppose 0 = 13*j - 9*j - 48. Let i = 41 - 23. What is the greatest common factor of j and i?
6
Let h(l) be the first derivative of -l**2/2 + 3*l + 5. Let x be h(0). Calculate the greatest common factor of x and 6.
3
Let x(b) = -b**3 + 11*b**2 - 15*b + 27. Let g be x(9). What is the greatest common divisor of g and 198?
18
Suppose 3*g + g = 2*s + 2190, 4*s = g - 537. Let t(k) = -6*k**3 + 68*k**2 - 14*k - 27. Let u be t(11). What is the highest common divisor of g and u?
61
Let p = -346 + 619. Calculate the greatest common factor of 39 and p.
39
Suppose -5*h + 910 = 2*x, 180*h + 3*x = 185*h - 935. Calculate the highest common divisor of h and 322.
46
Suppose -4*h + 234 = -5*b, 3*h = -b - 6 + 191. Let q = h + -31. Calculate the highest common divisor of 330 and q.
30
Let y = 346 + -82. Calculate the highest common factor of y and 24.
24
Suppose 0 = -0*l + 13*l - 182. Suppose 2*m + 4*g - 12 = 0, -2*m = g - 10 - l. What is the highest common divisor of 14 and m?
14
Let p be 1/(-5) - (-1626)/30. Let t = -1284 + 1878. Calculate the highest common divisor of t and p.
54
Suppose -2*d + 322 = -d. Let h be d/5 + 6/(-15). What is the highest common factor of 16 and h?
16
Suppose -f = -g + 10, -g + 2*g - 22 = -5*f. Let r(w) = -w**2 + 3*w - 7. Let s be r(5). Let k = 19 - s. Calculate the greatest common divisor of g and k.
12
Let j = 273 + -120. Suppose -524*y + 187 = -513*y. What is the greatest common divisor of y and j?
17
Suppose 12*f - 12 = 84. Let d = 16 - 8. What is the highest common factor of d and f?
8
Suppose -11942 = -4*p - 2*l, -5 = 7*l - 6*l. Calculate the highest common divisor of p and 18.
18
Let m = -79 - -143. Let k be ((-16)/(-10))/(1/5). What is the highest common divisor of k and m?
8
Let k = 662 - 629. What is the greatest common divisor of k and 825?
33
Suppose 6*m = 3*m. Let j = 20 - m. What is the highest common divisor of j and 40?
20
Suppose 0 = -10*s + 2*s + 336. What is the greatest common factor of s and 868?
14
Let a be 4*7/84 + 56/21. Let h = 40 - 7. Calculate the greatest common divisor of h and a.
3
Let n(x) = -3*x**3 + 3*x**2 - x - 4. Let p be n(2). Let d = p - -22. Suppose b = -d*b + 90. Calculate the greatest common divisor of b and 72.
18
Suppose 70*t - 75*t = -95. Suppose -2*m = -x - t, -6*m = -m + 2*x - 52. What is the highest common divisor of m and 80?
10
Let m be (-174)/15*8*20/(-8). What is the highest common factor of m and 24?
8
Let s(l) = l**3 + 6*l**2 + 4*l + 3. Let d be s(-5). Calculate the greatest common divisor of d and 136.
8
Let q(v) = 29*v - 4. Let u be q(2). What is the greatest common divisor of u and 90?
18
Suppose -2*a + a = -3. Suppose -a*f + 1008 = f. Calculate the greatest common divisor of f and 36.
36
Let d be 2*1*(-6 - -8). Suppose -3*f = -10 + d, 5*x + 2*f = 14. Calculate the highest common factor of 16 and x.
2
Let u(q) = -8*q + 8. Let n be u(-2). Calculate the highest common factor of 16 and n.
8
Suppose 66*t = 48*t + 1476. Calculate the highest common factor of 943 and t.
41
Let m = 20 + -13. Suppose -m*u + 12*u - 225 = 0. Suppose -3*k = -8*k + u. What is the greatest common factor of 99 and k?
9
Let k(n) = -2*n**3 + 14*n**2 + 3*n - 16. Let z be k(7). Suppose -4*g + g = -j + 17, z*g = -3*j + 37. Calculate the highest common factor of j and 126.
14
Let d be (-23 - -31)*(0 - (-5 - 2)). Calculate the highest common factor of 126 and